{"id":2,"date":"2024-12-10T07:41:09","date_gmt":"2024-12-10T07:41:09","guid":{"rendered":"http:\/\/okking.lat\/?page_id=2"},"modified":"2025-06-25T19:18:55","modified_gmt":"2025-06-25T12:18:55","slug":"sample-page","status":"publish","type":"page","link":"https:\/\/okking.lat\/","title":{"rendered":"Okking \u2013 Trang Ch\u1ee7 Okking.Com T\u1eb7ng Th\u01b0\u1edfng +199K"},"content":{"rendered":"\n<div class=\"slider-wrapper relative\" id=\"slider-1009094639\" >\n    <div class=\"slider slider-nav-circle slider-nav-large slider-nav-light slider-style-normal\"\n        data-flickity-options='{\n            \"cellAlign\": \"center\",\n            \"imagesLoaded\": true,\n            \"lazyLoad\": 1,\n            \"freeScroll\": false,\n            \"wrapAround\": true,\n            \"autoPlay\": 6000,\n            \"pauseAutoPlayOnHover\" : true,\n            \"prevNextButtons\": true,\n            \"contain\" : true,\n            \"adaptiveHeight\" : true,\n            \"dragThreshold\" : 10,\n            \"percentPosition\": true,\n            \"pageDots\": true,\n            \"rightToLeft\": false,\n            \"draggable\": true,\n            \"selectedAttraction\": 0.1,\n            \"parallax\" : 0,\n            \"friction\": 0.6        }'\n        >\n        \n\n\t<div class=\"img has-hover x md-x lg-x y md-y lg-y\" id=\"image_2016856451\">\n\t\t\t\t\t\t\t\t<div class=\"img-inner dark\" >\n\t\t\t<img loading=\"lazy\" decoding=\"async\" width=\"1020\" height=\"255\" src=\"https:\/\/okking.lat\/wp-content\/uploads\/2025\/01\/banner-1024x256.jpg\" class=\"attachment-large size-large\" alt=\"\" srcset=\"https:\/\/okking.lat\/wp-content\/uploads\/2025\/01\/banner-1024x256.jpg 1024w, https:\/\/okking.lat\/wp-content\/uploads\/2025\/01\/banner-300x75.jpg 300w, https:\/\/okking.lat\/wp-content\/uploads\/2025\/01\/banner-768x192.jpg 768w, https:\/\/okking.lat\/wp-content\/uploads\/2025\/01\/banner.jpg 1280w\" sizes=\"auto, (max-width: 1020px) 100vw, 1020px\" \/>\t\t\t\t\t\t\n\t\t\t\t\t<\/div>\n\t\t\t\t\t\t\t\t\n<style>\n#image_2016856451 {\n  width: 100%;\n}\n<\/style>\n\t<\/div>\n\t\n\n\n     <\/div>\n\n     <div class=\"loading-spin dark large centered\"><\/div>\n\n\t<\/div>\n\n\n<div class=\"row\"  id=\"row-995509959\">\n\n\n\t<div id=\"col-1906704289\" class=\"col medium-2 small-4 large-2\"  >\n\t\t\t\t<div class=\"col-inner\"  >\n\t\t\t\n\t\t\t\n\n\t<div class=\"img has-hover x md-x lg-x y md-y lg-y\" id=\"image_600211932\">\n\t\t\t\t\t\t\t\t<div class=\"img-inner dark\" >\n\t\t\t<img loading=\"lazy\" decoding=\"async\" width=\"190\" height=\"300\" src=\"https:\/\/okking.lat\/wp-content\/uploads\/2025\/06\/anh-game-casino.png\" class=\"attachment-large size-large\" alt=\"\" \/>\t\t\t\t\t\t\n\t\t\t\t\t<\/div>\n\t\t\t\t\t\t\t\t\n<style>\n#image_600211932 {\n  width: 100%;\n}\n<\/style>\n\t<\/div>\n\t\n\n\n\t\t<\/div>\n\t\t\t\t\t<\/div>\n\n\t\n\n\t<div id=\"col-572583622\" class=\"col medium-2 small-4 large-2\"  >\n\t\t\t\t<div class=\"col-inner\"  >\n\t\t\t\n\t\t\t\n\n\t<div class=\"img has-hover x md-x lg-x y md-y lg-y\" id=\"image_1671754236\">\n\t\t\t\t\t\t\t\t<div class=\"img-inner dark\" >\n\t\t\t<img loading=\"lazy\" decoding=\"async\" width=\"190\" height=\"300\" src=\"https:\/\/okking.lat\/wp-content\/uploads\/2025\/06\/anh-game-xo-so.png\" class=\"attachment-large size-large\" alt=\"\" \/>\t\t\t\t\t\t\n\t\t\t\t\t<\/div>\n\t\t\t\t\t\t\t\t\n<style>\n#image_1671754236 {\n  width: 100%;\n}\n<\/style>\n\t<\/div>\n\t\n\n\n\t\t<\/div>\n\t\t\t\t\t<\/div>\n\n\t\n\n\t<div id=\"col-828005565\" class=\"col medium-2 small-4 large-2\"  >\n\t\t\t\t<div class=\"col-inner\"  >\n\t\t\t\n\t\t\t\n\n\t<div class=\"img has-hover x md-x lg-x y md-y lg-y\" id=\"image_758344717\">\n\t\t\t\t\t\t\t\t<div class=\"img-inner dark\" >\n\t\t\t<img loading=\"lazy\" decoding=\"async\" width=\"520\" height=\"820\" src=\"https:\/\/okking.lat\/wp-content\/uploads\/2025\/06\/anh-game-the-thao.png\" class=\"attachment-large size-large\" alt=\"\" srcset=\"https:\/\/okking.lat\/wp-content\/uploads\/2025\/06\/anh-game-the-thao.png 520w, https:\/\/okking.lat\/wp-content\/uploads\/2025\/06\/anh-game-the-thao-190x300.png 190w\" sizes=\"auto, (max-width: 520px) 100vw, 520px\" \/>\t\t\t\t\t\t\n\t\t\t\t\t<\/div>\n\t\t\t\t\t\t\t\t\n<style>\n#image_758344717 {\n  width: 100%;\n}\n<\/style>\n\t<\/div>\n\t\n\n\n\t\t<\/div>\n\t\t\t\t\t<\/div>\n\n\t\n\n\t<div id=\"col-964139566\" class=\"col medium-2 small-4 large-2\"  >\n\t\t\t\t<div class=\"col-inner\"  >\n\t\t\t\n\t\t\t\n\n\t<div class=\"img has-hover x md-x lg-x y md-y lg-y\" id=\"image_1853772738\">\n\t\t\t\t\t\t\t\t<div class=\"img-inner dark\" >\n\t\t\t<img loading=\"lazy\" decoding=\"async\" width=\"190\" height=\"300\" src=\"https:\/\/okking.lat\/wp-content\/uploads\/2025\/06\/anh-game-ban-ca.png\" class=\"attachment-large size-large\" alt=\"\" \/>\t\t\t\t\t\t\n\t\t\t\t\t<\/div>\n\t\t\t\t\t\t\t\t\n<style>\n#image_1853772738 {\n  width: 100%;\n}\n<\/style>\n\t<\/div>\n\t\n\n\n\t\t<\/div>\n\t\t\t\t\t<\/div>\n\n\t\n\n\t<div id=\"col-675985249\" class=\"col medium-2 small-4 large-2\"  >\n\t\t\t\t<div class=\"col-inner\"  >\n\t\t\t\n\t\t\t\n\n\t<div class=\"img has-hover x md-x lg-x y md-y lg-y\" id=\"image_1901020905\">\n\t\t\t\t\t\t\t\t<div class=\"img-inner dark\" >\n\t\t\t<img loading=\"lazy\" decoding=\"async\" width=\"190\" height=\"300\" src=\"https:\/\/okking.lat\/wp-content\/uploads\/2025\/06\/anh-game-game-bai-3d.png\" class=\"attachment-large size-large\" alt=\"\" \/>\t\t\t\t\t\t\n\t\t\t\t\t<\/div>\n\t\t\t\t\t\t\t\t\n<style>\n#image_1901020905 {\n  width: 100%;\n}\n<\/style>\n\t<\/div>\n\t\n\n\n\t\t<\/div>\n\t\t\t\t\t<\/div>\n\n\t\n\n\t<div id=\"col-2030295778\" class=\"col medium-2 small-4 large-2\"  >\n\t\t\t\t<div class=\"col-inner\"  >\n\t\t\t\n\t\t\t\n\n\t<div class=\"img has-hover x md-x lg-x y md-y lg-y\" id=\"image_1700289278\">\n\t\t\t\t\t\t\t\t<div class=\"img-inner dark\" >\n\t\t\t<img loading=\"lazy\" decoding=\"async\" width=\"190\" height=\"300\" src=\"https:\/\/okking.lat\/wp-content\/uploads\/2025\/06\/anh-game-no-hu.png\" class=\"attachment-large size-large\" alt=\"\" \/>\t\t\t\t\t\t\n\t\t\t\t\t<\/div>\n\t\t\t\t\t\t\t\t\n<style>\n#image_1700289278 {\n  width: 100%;\n}\n<\/style>\n\t<\/div>\n\t\n\n\n\t\t<\/div>\n\t\t\t\t\t<\/div>\n\n\t\n\n<\/div>\n<div class=\"row\"  id=\"row-462869398\">\n\n\n\t<div id=\"col-103714417\" class=\"col small-12 large-12\"  >\n\t\t\t\t<div class=\"col-inner text-left\"  >\n\t\t\t\n\t<div class=\"is-border\"\n\t\tstyle=\"border-color:rgb(114, 0, 0);border-radius:50px;border-width:0px 4px 0px 4px;\">\n\t<\/div>\n\t\t\t\n\n<h1 style=\"text-align: center;\"><b>Okking &#8211; Trang Ch\u1ee7 Okking.Com T\u1eb7ng Th\u01b0\u1edfng +199K<\/b><\/h1>\n<p><a href=\"https:\/\/okking.lat\/\"><b>Okking<\/b><\/a><span style=\"font-weight: 400;\"> l\u00e0 m\u1ed9t <strong data-start=\"18\" data-end=\"58\">n\u1ec1n t\u1ea3ng c\u00e1 c\u01b0\u1ee3c tr\u1ef1c tuy\u1ebfn hi\u1ec7n \u0111\u1ea1i<\/strong> v\u00e0 <strong data-start=\"62\" data-end=\"78\">\u0111\u00e1ng tin c\u1eady<\/strong>, \u0111\u01b0\u1ee3c nhi\u1ec1u ng\u01b0\u1eddi ch\u01a1i l\u1ef1a ch\u1ecdn nh\u1edd v\u00e0o <strong data-start=\"119\" data-end=\"143\">giao di\u1ec7n th\u00e2n thi\u1ec7n<\/strong>, <strong data-start=\"145\" data-end=\"167\">t\u1ed1c \u0111\u1ed9 x\u1eed l\u00fd nhanh<\/strong> v\u00e0 <strong data-start=\"171\" data-end=\"199\">\u0111a d\u1ea1ng tr\u00f2 ch\u01a1i h\u1ea5p d\u1eabn<\/strong>. Ng\u01b0\u1eddi ch\u01a1i c\u00f3 th\u1ec3 tham gia c\u00e1c h\u00ecnh th\u1ee9c nh\u01b0 <strong data-start=\"246\" data-end=\"258\">th\u1ec3 thao<\/strong>, <strong data-start=\"260\" data-end=\"281\">casino tr\u1ef1c tuy\u1ebfn<\/strong>, <strong data-start=\"283\" data-end=\"296\">game slot<\/strong>, <strong data-start=\"298\" data-end=\"308\">b\u1eafn c\u00e1<\/strong>, v\u00e0 nhi\u1ec1u d\u1ecbch v\u1ee5 gi\u1ea3i tr\u00ed kh\u00e1c v\u1edbi <strong data-start=\"345\" data-end=\"369\">t\u1ef7 l\u1ec7 tr\u1ea3 th\u01b0\u1edfng cao<\/strong>. Ngo\u00e0i ra, Okking c\u00f2n n\u1ed5i b\u1eadt nh\u1edd v\u00e0o <strong data-start=\"408\" data-end=\"436\">h\u1ec7 th\u1ed1ng b\u1ea3o m\u1eadt an to\u00e0n<\/strong>, <strong data-start=\"438\" data-end=\"469\">giao d\u1ecbch n\u1ea1p\/r\u00fat linh ho\u1ea1t<\/strong>, c\u00f9ng <strong data-start=\"476\" data-end=\"504\">ch\u0103m s\u00f3c kh\u00e1ch h\u00e0ng 24\/7<\/strong>. \u0110\u00e2y l\u00e0 \u0111i\u1ec3m \u0111\u1ebfn l\u00fd t\u01b0\u1edfng cho nh\u1eefng ai y\u00eau th\u00edch c\u00e1 c\u01b0\u1ee3c tr\u1ef1c tuy\u1ebfn uy t\u00edn.<\/span><\/p>\n\n\t\t<\/div>\n\t\t\t\t\n<style>\n#col-103714417 > .col-inner {\n  padding: 10px 10px 10px 10px;\n}\n<\/style>\n\t<\/div>\n\n\t\n\n<\/div>\n\n","protected":false},"excerpt":{"rendered":"","protected":false},"author":1,"featured_media":0,"parent":0,"menu_order":0,"comment_status":"closed","ping_status":"open","template":"page-blank.php","meta":{"footnotes":""},"class_list":["post-2","page","type-page","status-publish","hentry"],"_links":{"self":[{"href":"https:\/\/okking.lat\/wp-json\/wp\/v2\/pages\/2","targetHints":{"allow":["GET"]}}],"collection":[{"href":"https:\/\/okking.lat\/wp-json\/wp\/v2\/pages"}],"about":[{"href":"https:\/\/okking.lat\/wp-json\/wp\/v2\/types\/page"}],"author":[{"embeddable":true,"href":"https:\/\/okking.lat\/wp-json\/wp\/v2\/users\/1"}],"replies":[{"embeddable":true,"href":"https:\/\/okking.lat\/wp-json\/wp\/v2\/comments?post=2"}],"version-history":[{"count":20,"href":"https:\/\/okking.lat\/wp-json\/wp\/v2\/pages\/2\/revisions"}],"predecessor-version":[{"id":786,"href":"https:\/\/okking.lat\/wp-json\/wp\/v2\/pages\/2\/revisions\/786"}],"wp:attachment":[{"href":"https:\/\/okking.lat\/wp-json\/wp\/v2\/media?parent=2"}],"curies":[{"name":"wp","href":"https:\/\/api.w.org\/{rel}","templated":true}]}}